+ (14 - 2)
9
What is -3 + (-1 - -4) + 2?
2
Calculate -4 + -4 + (-5 - -9 - -2).
-2
(18 - (-6 - -11)) + -14
-1
What is the value of 3 - (2 - 1) - (36 + -36)?
2
What is -7 + -6 + 6 - -3?
-4
Evaluate 3 - (-5 - (-3 - -1) - -4).
2
Evaluate -1 + 1 + 2 + -3.
-1
What is the value of 0 + (3 + -4 - -4)?
3
What is 0 + (0 - (1 + -1 + 3))?
-3
Evaluate (10 - 5) + 2 + -12.
-5
What is the value of (15 - (-6 - -12)) + -3 - 0?
6
What is (5 - 6 - 2) + (1 - 0)?
-2
Calculate (5 - 0) + -17 + 10.
-2
What is -1 + 3 + (1 - (-1 - 0))?
4
Calculate 2 + (8 - 5) - 10.
-5
What is the value of -1 + 4 + -5 + 4 + 0?
2
Calculate -1 + (5 - 8) - -9 - 8.
-3
What is the value of 3 + -2 + 5 + 0 + -8?
-2
What is 0 - 6 - ((-9 - -16) + -15)?
2
-5 - -2 - 0 - -6 - 6
-3
What is 1 - 5 - -1 - 0?
-3
Calculate -3 + (3 - 3) + 0 + -1.
-4
(-3 - -6) + -2 + -2 + 3
2
What is 3 + -1 + (1 - (-3 + 5))?
1
Calculate (-10 - -1) + (1 - -13).
5
Calculate (-5 - -8) + -3 + -5.
-5
Evaluate -3 - ((5 - 13) + 4).
1
5 + 3 + -2 - 13
-7
Evaluate 0 + 0 + -5 + 7.
2
What is the value of (-4 - 0) + (6 - (0 + 4))?
-2
What is (0 - (-3 - -6)) + 2?
-1
Evaluate -4 + (0 - (2 - 2)).
-4
(8 - -3) + -4 + -7
0
4 + -4 + -1 + 0
-1
Evaluate 0 - ((1 - -7) + 0 + -1).
-7
Calculate 2 + 7 + 7 + -6 - 4.
6
Calculate -1 - 3 - (-3 + 5 + -6).
0
What is the value of -3 - 2 - 2 - (-6 - -4)?
-5
Calculate (-16 - (-6 - -2)) + -1 + 6.
-7
2 + 2 - 4 - 5
-5
What is the value of 11 - (16 - (0 + 7))?
2
Calculate 3 + (-5 + 4 - 3).
-1
Evaluate -2 + (3 - -7) - 14.
-6
What is -5 - (0 + (4 - (0 - -6)))?
-3
Evaluate (5 - 4 - -5) + -6.
0
What is 3 + 1 - ((5 - 6) + -2)?
7
What is the value of (6 - 10) + 2 + (-2 - -3)?
-1
Evaluate 1 + -3 + 3 + (3 - 4).
0
Calculate 12 - (9 - -2) - (-1 - -2).
0
What is the value of (-1 - 6) + -1 - (5 - 15)?
2
Evaluate -3 + -2 + 3 - (-8 + 5).
1
0 - 0 - (6 - (1 + 4))
-1
What is (1 - 3) + -8 + 2 + 3?
-5
Calculate 4 + 3 + -4 + -6.
-3
What is the value of 8 + (-6 - (-1 - -2))?
1
What is -10 - (6 - 7) - -4?
-5
Calculate -1 - (-3 - -2 - 0).
0
Evaluate (-24 - -9) + 6 - (-18 + 3).
6
5 + (3 - (8 - 3))
3
Calculate 11 - (6 + 5) - 6.
-6
What is the value of -6 + 2 + -4 + (3 - 1)?
-6
-9 + -10 + 24 - (-1 + 6)
0
Evaluate 3 - (3 - (-4 - -5)).
1
Evaluate 34 + -29 + -1 + 0.
4
What is (-8 - -8) + 8 - 0?
8
0 - (-3 + 0 + 1 - 0)
2
Evaluate (-5 + 5 - (0 + 2)) + 4.
2
Calculate -1 + (3 + -2 - (7 + -8)).
1
Evaluate 0 + 5 + 1 + -3.
3
Evaluate 2 + -2 - (0 + 5).
-5
What is the value of 8 - 11 - (-3 + 4)?
-4
What is 1 + (0 - -1 - 5) - -5?
2
Evaluate 4 + -3 - 5 - -2.
-2
(-1 - (0 + 1)) + 2 + 0
0
What is the value of -7 + -3 + 8 + -2?
-4
6 - (9 - (-9 - -16))
4
Evaluate 8 + -1 + (-8 - -4) + 2.
5
Evaluate (5 - (15 - 4)) + (18 - 7).
5
What is the value of 0 + (-2 - -7) + (-2 - -1)?
4
(-1 - -6) + (167 - 183)
-11
Evaluate 0 + -1 + (-5 + 4 - 2).
-4
-2 + 5 + -1 + 2
4
Evaluate 2 + -4 - 2 - -9.
5
Calculate -5 - (0 + -5 - 2).
2
Evaluate 5 + -1 - (23 + -20).
1
Calculate -7 - ((3 - 7) + 2).
-5
1 + (2 - (-5 - -3))
5
(3 - 2) + (5 + 2 - -2)
10
Evaluate 0 + (-1 - -3) + -2.
0
Evaluate 5 + -9 - (0 + -7).
3
Calculate -2 + 1 + (-2 - -5 - 5).
-3
Calculate (-8 + 12 - 4) + (-6 - 0).
-6
5 + (3 - 1 - (3 + 1))
3
Evaluate 3 + -1 + -9 - -12.
5
-13 + -2 + 7 + 7 + -7
-8
Calculate 0 - ((-4 - -9 - 0) + 0).
-5
Calculate 0 - -3 - (-4 - -10).
-3
3 - (-4 + -1 + 5 - -2)
1
What is (-8 - (-40 - -11)) + -11?
10
Calculate -6 - (-5 + (7 - 8) - -4).
-4
-5 - (-3 + 6 + -8)
0
What is (-1 - (7 + -3) - -1) + 0?
-4
Evaluate -7 + 3 - (-1 + (1 - 3)).
-1
What is -4 - (-3 + 4 + -3) - 1?
-3
What is -4 - (-4 - -4) - -4?
0
Evaluate 4 - ((4 - (-2 + 3)) + -1).
2
What is the value of (-6 + 17 - 10) + 2 + 1?
4
Evaluate (-9 - -20) + -9 - 4.
-2
-7 - ((0 - 1) + (-8 - -6))
-4
Calculate 15 + -20 - (-6 - -2 - -2).
-3
What is 0 + -2 + (-6 - (12 - 21))?
1
Evaluate -9 - 1 - 0 - -6.
-4
Calculate 4 + (-7 - -6) + 3.
6
What is (-4 - -1 - -1) + -3?
-5
Evaluate 1 - (-6 - (5 - 12)).
0
What is the value of 9 + 1 - (18 - 8)?
0
What is the value of -6 + (-11 - -6) + 8?
-3
What is the value of 3 - (3 + 0 + -7 + 3)?
4
What is the value of -1 - (-8 + 13 + (-7 - 1))?
2
Calculate (-12 + 5 - -9) + 0 - -7.
9
-3 + (5 - (-2 + -3 - -10))
-3
Calculate (-8 - (-5 + 3)) + 2 + -1.
-5
Evaluate (-9 - (7 + -8)) + 5.
-3
What is 2 + -4 + -2 + (2 - -7)?
5
Calculate -17 + 6 + -1 - (-6 + 4).
-10
Evaluate -20 + 9 + 3 + 3.
-5
Evaluate -1 + -4 + 19 + -22.
-8
Calculate 8 - (6 + (6 - 6)).
2
What is -2 + -3 + 2 + 8?
5
What is the value of 4 + (-2 - (-5 + 2))?
5
Evaluate -1 + -2 + (2 - (-3 + 6)).
-4
What is 5 + (3 - 9) + 7?
6
What is the value of (0 + -1 - -2) + -3?
-2
Evaluate -19 - -16 - (-2 - -1).
-2
Calculate 11 - 6 - 1 - 12.
-8
Evaluate -2 - (8 - (4 + 10 + -7)).
-3
Calculate -3 + (7 + (-5 - -3) - 1).
1
Evaluate -1 + 1 - -6 - 7.
-1
4 + (-4 - -2) - -2
4
What is 10 + -4 + (-7 - -4)?
3
What is the value of (0 - 1 - -5) + 33 + -34?
3
Evaluate (-4 - -3) + (0 - 2) + 1.
-2
Calculate -5 - (-9 - -2) - -2.
4
-9 + 7 + (0 - -4)
2
What is 3 - (-3 + (3 - -2))?
1
What is the value of (-7 - -4) + (3 - -8)?
8
(-6 - (2 + -7)) + (-1 - -1)
-1
Calculate 6 - (2 + -1 - -4).
1
Calculate (-8 - -1) + 4 + 1.
-2
What is the value of 1 + 2 + (-1 - (-7 + 6))?
3
-3 + (6 - (0 - -2))
1
Evaluate (1 - 1) + (13 - 10) + -8.
-5
What is the value of 0 - (-4 + -1 - 1)?
6
Evaluate -12 - -9 - (-1 - 2).
0
Calculate 6 - 0 - (6 + (5 - 10)).
5
Calculate -1 + -23 + 35 - (4 + 0).
7
What is the value of 5 + 5 + -4 + -6 + -4?
-4
Calculate -5 + (-1 - 0) + 374 + -370.
-2
(1 - 4) + 5 - (1 - -1)
0
What is (3 - (1 - 3)) + -7?
-2
What is the value of 7 + -9 - (3 - -1)?
-6
Evaluate -9 + 8 + 6 + -6 + 0.
-1
Evaluate 18 - 21 - (2 - 1).
-4
What is the value of 7 + 1 + -5 + -7 + 0?
-4
What is 8 + (1 - 3) + -12?
-6
9 - (-7 + (6 - -5))
5
Calculate 0 - (6 + 2 + -4).
-4
What is 13 - (7 + 0) - 4?
2
What is 1 - 2 - (-176 + 180)?
-5
What is the value of 2 + -1 + 1 + (-6 - 0)?
-4
Calculate 7 + (-7 - -3) + 5.
8
Calculate 8 + (-3 - 2) + 0.
3
What is -8 - 4 - (-2 + -7)?
-3
What is 13 - 2 - ((-6 - -3) + 7)?
7
What is -9 + (7 - (-5 + 6))?
-3
What is the value of (-5 - 2) + -67 + 68?
-6
-9 - (-15 + 3) - (3 + 0)
0
-3 + (1 - -7) - 6
-1
What is the value of 5 - (3 + -5 + -1) - 4?
4
1 + (2 - 2) + -1 + -5
-5
What is (-17 + 27 - 9) + -1 + 4?
4
Evaluate -2 - (-1 - (-3 + 1)) - 1.
-4
Calculate 3 + (-2 - 1) + (6 - 5).
1
What is -5 + (5 - 1 - 4)?
-5
What is -2 + 4 + 4 - 9?
-3
What is (6 - 6) + -9 + 7?
-2
Evaluate (-9 - -6) + -3 + 2.
-4
Evaluate 11 - -1 - (0 + 5) - 14.
-7
7 + 9 + -1 + -11
4
5 - ((-3 - -6) + 3) - -10
9
11 - (6 - (-3 + 2))
4
(-12 - (-15 + 6)) + 8
5
What is -15 - -7 - (-11 + 4)?
-1
Evaluate (-8 - (-7 - 9) - 8) + 4.
4
What is 7 + 2 + -12 + 8?
5
-2 - (-1 - -1) - (13 - 20)
5
-1 - (0 + (3 - 1) + 2)
-5
((-7 - -3) + 0 - 5) + 4
-5
Calculate 40 + -43 - (1 + 4).
-8
Evaluate 1 - (-4 - (-2 + -3 - 1)).
-1
Calculate 0 + (0 + 2 - (5 - 2)).
-1
Evaluate -2 + 1 - (1 + 0 - -2).
-4
What is -2 - (7 - 3 - 3)?
-3
(-14 - -7) + -2 - -11
2
What is the value of (-3 - -9) + -15 + 7?
-2
Calculate 0 - -3 - (-7 - (10 + -21)).
-1
(1 - 0) + 0 + 3 + -1
3
What is the value of -2 + -1 - ((1 - 10) + 10)?
-4
-2 + -1 + -6 + 7
-2
Evaluate (0 - 12) + 5 - (-10 + 0).
3
What is the value of -6 + 6 + -5 + -2 + 6?
-1
What is 0 - 1 - (1 + 2 - -1)?
-5
What is the value of -2 + 3 + -2 + 0 - 0?
-1
What is 4 + (0 - (-4 + 10)) + -2?
-4
What is the value of -2 + (-5 - -11) + 0?
4
-7 + (14 + -7 + -6 - 4)
-10
Evaluate -32 + 32 - (-2 + 1).
1
Calculate 1 - -3 - (-6 + 8).
2
Calculate (1 - -1) + (3 - 6 - 2).
-3
(20 - 6) + -8 + -5
1
Evaluate 3 + -7 + 1 + 2 + -3.
-4
What is the value of 12 + (6 - 6) + (-2 - 5)?
5
Evaluate -5 - (-3 - (-8 - (0 - 5))).
-5
Calculate 4 + (5 - 13) - -6.
2
Calculate (-2 - (0 - 3)) + 7 + -11.
-3
8 + 3 + (0 - 6)
5
-1 - -6 - (34 + -25)
-4
Calculate 10 - -1 - (-14 - -21).
4
What is 2 + -4 - (1 - (3 + -3))?
-3
What is (-1 + 5 - 8) + 1?
-3
Calculate 0 - (4 - (-5 + 5 - -2)).
-2
Evaluate 0 + 0 - -1 - (-3 + 1).
3
-31 + 22 + 12 + 1 + 6
10
Evaluate -1 - 3 - (-3 + -3).
2
Calculate (-4 - 0) + -1 + -1.
-6
What is -5 + (-2 - (-6 + -5))?
4
What is (1 - 1) + (7 + -2 - 9)?
-4
What is (-13 - -17) + 0 + 1 + -1?
4
(-3 - 4 - -5) + 0
-2
What is the value of (2 + -4 + 0 - 1) + 0?
-3
What is 1 + 1 - (-138 - -134)?
6
Calculate 3 + -2 - (17 + -21 + 1).
4
Calculate 98 - 107 - (-1 + 0).
-8
Calcul